test common divisor of 8424 and 57634902.
2106
What is the greatest common factor of 14165 and 55?
5
Calculate the greatest common factor of 37520 and 5387760.
560
What is the greatest common factor of 48323 and 1562528?
253
Calculate the greatest common factor of 406 and 151858.
14
What is the highest common divisor of 4103 and 198774311?
373
Calculate the greatest common divisor of 2442 and 486.
6
Calculate the greatest common factor of 715 and 259079249.
143
Calculate the highest common divisor of 2876 and 9356.
4
Calculate the greatest common factor of 1065 and 25813896.
213
What is the highest common factor of 612 and 16085556?
36
What is the highest common factor of 989009688 and 48?
24
Calculate the highest common divisor of 14116962 and 912.
114
What is the greatest common divisor of 24 and 6939448?
8
Calculate the highest common factor of 4611 and 522145.
29
Calculate the greatest common factor of 10752 and 339712.
256
What is the greatest common factor of 1784 and 6060512?
8
Calculate the highest common divisor of 3091 and 63811.
11
What is the greatest common divisor of 383 and 14787247?
383
Calculate the highest common factor of 1180844 and 16471.
1267
What is the highest common divisor of 327 and 16977?
3
What is the greatest common divisor of 47277 and 71196?
51
What is the greatest common factor of 25802 and 32431756?
1358
Calculate the highest common divisor of 322325708 and 854.
122
What is the highest common divisor of 91536 and 542288?
16
What is the greatest common divisor of 11563310 and 385?
55
What is the greatest common factor of 1007 and 991153?
53
Calculate the highest common factor of 326986633 and 1838.
919
What is the greatest common factor of 12628544 and 2368?
2368
What is the greatest common factor of 391 and 432395?
17
Calculate the highest common factor of 256 and 43878832.
16
Calculate the greatest common factor of 1220979 and 3.
3
Calculate the highest common factor of 179441026 and 36586.
3326
What is the highest common factor of 2481658 and 826?
118
Calculate the highest common divisor of 256 and 36406.
2
What is the greatest common factor of 6052 and 2621940?
356
Calculate the greatest common factor of 102 and 258822.
6
Calculate the highest common divisor of 656 and 3103249.
41
Calculate the highest common divisor of 5 and 9692800.
5
What is the highest common divisor of 34 and 6891783?
17
Calculate the greatest common factor of 66831960 and 182.
26
Calculate the highest common factor of 12166 and 71335341.
6083
Calculate the highest common factor of 109109929 and 37.
37
What is the greatest common divisor of 33225 and 52962865?
2215
Calculate the highest common divisor of 976367 and 91.
7
What is the greatest common divisor of 109076 and 4407796?
268
What is the highest common divisor of 24000821 and 26537?
3791
Calculate the greatest common factor of 21667 and 10010248.
47
What is the highest common factor of 10664532 and 21132?
36
Calculate the greatest common factor of 1941248 and 144.
16
What is the greatest common divisor of 1335510 and 18183?
627
Calculate the highest common divisor of 19967 and 266623.
41
What is the greatest common factor of 2067120 and 13530?
330
What is the highest common factor of 3776 and 530624?
64
Calculate the greatest common divisor of 37850064 and 10160.
2032
What is the greatest common divisor of 72 and 90561888?
72
Calculate the greatest common factor of 1 and 259577.
1
What is the greatest common divisor of 130887369 and 318?
159
Calculate the highest common factor of 22230 and 1968210.
1710
Calculate the greatest common divisor of 1391785 and 7320950.
8045
What is the highest common divisor of 4 and 9247998?
2
What is the highest common factor of 990 and 9383022?
198
Calculate the highest common factor of 5499 and 1261809.
423
What is the highest common factor of 1029 and 7077?
21
What is the greatest common divisor of 174356 and 62?
2
What is the highest common divisor of 1319 and 175041852?
1319
What is the greatest common divisor of 267836663 and 145?
29
What is the highest common divisor of 139231720 and 173360?
7880
What is the highest common factor of 2233 and 556626?
203
Calculate the highest common factor of 910510 and 512940.
830
What is the greatest common divisor of 32086904 and 40?
8
What is the greatest common factor of 15 and 309705665?
5
Calculate the highest common divisor of 2415 and 55024487.
161
What is the greatest common divisor of 857425 and 2075?
25
Calculate the highest common factor of 66 and 443658.
6
Calculate the highest common factor of 1109014 and 1748.
46
Calculate the highest common factor of 10951358 and 1518.
506
What is the greatest common divisor of 679152 and 1128?
24
What is the greatest common divisor of 15 and 8726265?
15
Calculate the greatest common divisor of 1106 and 33222210.
14
Calculate the greatest common factor of 13236740 and 11.
11
What is the greatest common factor of 114912 and 356088?
24
What is the greatest common factor of 681613531 and 178?
89
Calculate the highest common factor of 76314 and 271239.
69
Calculate the greatest common factor of 38164 and 1212316.
812
Calculate the highest common factor of 13225811 and 43.
43
What is the greatest common factor of 104832 and 66157?
91
What is the highest common divisor of 38709 and 4959?
9
Calculate the greatest common factor of 179815065 and 60.
15
Calculate the highest common divisor of 175156673 and 86.
43
What is the greatest common divisor of 1573083 and 171?
9
Calculate the highest common divisor of 32976 and 455710.
458
What is the greatest common factor of 72 and 30781503?
9
What is the greatest common divisor of 29788 and 1019562?
1354
Calculate the highest common divisor of 93956 and 105842.
566
Calculate the highest common factor of 1780 and 14219530.
890
What is the greatest common factor of 477801150 and 7650?
2550
What is the greatest common factor of 159 and 38369880?
159
Calculate the greatest common factor of 7799000 and 15400.
2200
What is the highest common factor of 504244 and 3328?
52
What is the greatest common factor of 4255540 and 460?
20
Calculate the highest common factor of 39150 and 28199310.
870
What is the greatest common factor of 130815 and 36500445?
765
What is the greatest common factor of 35314896 and 64?
16
What is the highest common factor of 333 and 1483219?
37
Calculate the highest common factor of 12236708 and 27419.
3917
Calculate the highest common factor of 1972 and 35442756.
1972
Calculate the highest common divisor of 84692 and 2100908.
2732
What is the highest common factor of 1217920185 and 1062?
531
What is the greatest common divisor of 678 and 277374?
6
Calculate the highest common factor of 791 and 49197262.
113
Calculate the greatest common divisor of 4195398 and 9.
3
Calculate the highest common factor of 104 and 4297774.
26
Calculate the highest common factor of 10774684 and 4.
4
What is the highest common divisor of 220 and 133242428?
44
Calculate the greatest common factor of 140 and 3447220.
140
What is the highest common factor of 687610 and 1139810?
1330
What is the highest common divisor of 839 and 7463?
1
What is the greatest common factor of 22237 and 44585?
37
What is the greatest common factor of 9407745 and 580?
145
Calculate the greatest common factor of 114 and 322774299.
57
Calculate the greatest common divisor of 36404 and 3876.
76
What is the highest common factor of 10850 and 51272900?
350
What is the highest common divisor of 49329 and 922432?
203
Calculate the highest common factor of 120 and 498149040.
120
Calculate the greatest common factor of 5296 and 132192794.
662
What is the greatest common factor of 27712 and 1507706?
866
What is the highest common divisor of 108 and 21642696?
36
What is the greatest common factor of 58 and 143834374?
58
Calculate the highest common divisor of 198183831 and 146.
73
Calculate the greatest common factor of 36184119 and 9369.
1041
Calculate the highest common divisor of 81898619 and 1835.
367
Calculate the greatest common divisor of 32 and 16075088.
16
Calculate the highest common divisor of 823548 and 29138.
34
What is the highest common factor of 4193810 and 7520?
470
What is the highest common divisor of 80 and 33174320?
80
What is the greatest co